 of 2175?
True
Is 6548 a multiple of 10?
False
Does 5 divide 18075?
True
Is 31 a factor of 4712?
True
Does 17 divide 11103?
False
Is 78 a factor of 6162?
True
Is 300 a multiple of 23?
False
Does 37 divide 20561?
False
Does 9 divide 2583?
True
Does 54 divide 23749?
False
Does 133 divide 154679?
True
Is 20 a factor of 747?
False
Is 15 even?
False
Does 59 divide 650?
False
Does 23 divide 1560?
False
Is 842 a multiple of 10?
False
Is 11204 a multiple of 9?
False
Does 28 divide 1148?
True
Is 2224 a multiple of 13?
False
Is 13 a factor of 16?
False
Is 38 a factor of 1292?
True
Is 19 a factor of 26144?
True
Does 2 divide 45?
False
Is 13566 a multiple of 21?
True
Does 11 divide 77?
True
Does 9 divide 117?
True
Is 1479 a multiple of 17?
True
Is 4 a factor of 2116?
True
Is 2704 a multiple of 6?
False
Is 33 a factor of 185?
False
Is 98608 a multiple of 131?
False
Does 20 divide 23426?
False
Is 1248 a multiple of 52?
True
Is 14 a factor of 11411?
False
Is 114 a factor of 1074?
False
Is 4442 a multiple of 29?
False
Does 2 divide 12?
True
Is 420 a multiple of 35?
True
Is 11 a factor of 47025?
True
Is 6 a factor of 774?
True
Is 5797 a multiple of 17?
True
Is 349 a multiple of 37?
False
Does 2 divide 318?
True
Is 14279 a multiple of 100?
False
Is 6 a factor of 3796?
False
Is 10648 a multiple of 44?
True
Does 82 divide 328?
True
Is 39 a factor of 63747?
False
Does 31 divide 7416?
False
Does 6 divide 8369?
False
Is 5 a factor of 1104?
False
Does 64 divide 1152?
True
Is 25 a factor of 236?
False
Is 115 a factor of 1840?
True
Is 5373 a multiple of 8?
False
Is 20 a factor of 3560?
True
Is 21 a factor of 5904?
False
Is 287 a multiple of 13?
False
Does 44 divide 44?
True
Does 16 divide 3008?
True
Is 1393 a multiple of 8?
False
Is 10325 a multiple of 59?
True
Is 12994 a multiple of 23?
False
Is 275 a multiple of 23?
False
Is 3168 a multiple of 8?
True
Is 3963 a multiple of 91?
False
Is 21 a factor of 18459?
True
Is 1798 a multiple of 31?
True
Is 47 a factor of 100?
False
Is 8 a factor of 2496?
True
Does 2 divide 3354?
True
Does 5 divide 1807?
False
Is 20 a factor of 9560?
True
Is 12 a factor of 1252?
False
Does 25 divide 2103?
False
Is 54 a factor of 3665?
False
Is 2360 a multiple of 8?
True
Is 19 a factor of 570?
True
Is 1742 a multiple of 67?
True
Does 8 divide 2704?
True
Is 72 a factor of 7542?
False
Is 19 a factor of 11818?
True
Is 3 a factor of 166?
False
Is 217 a multiple of 9?
False
Is 124 a factor of 26412?
True
Is 15 a factor of 14865?
True
Does 10 divide 219?
False
Is 22986 a multiple of 9?
True
Is 4284 a multiple of 68?
True
Does 9 divide 207?
True
Is 39 a factor of 975?
True
Does 3 divide 66?
True
Does 53 divide 2530?
False
Is 31 a factor of 163?
False
Does 11 divide 705?
False
Is 29400 a multiple of 166?
False
Is 1098 a multiple of 6?
True
Does 8 divide 23080?
True
Is 12 a factor of 588?
True
Does 24 divide 4036?
False
Is 60 a factor of 6346?
False
Is 46483 a multiple of 43?
True
Does 24 divide 360?
True
Does 8 divide 80?
True
Does 59 divide 4705?
False
Does 19 divide 2926?
True
Is 26282 a multiple of 17?
True
Does 16 divide 976?
True
Is 5 a factor of 140?
True
Is 201 a multiple of 67?
True
Is 42 a factor of 1302?
True
Does 17 divide 1564?
True
Does 7 divide 1988?
True
Does 171 divide 9405?
True
Is 1463 a multiple of 7?
True
Is 14 a factor of 1078?
True
Is 22600 a multiple of 48?
False
Is 86184 a multiple of 171?
True
Is 20 a factor of 2101?
False
Does 35 divide 2660?
True
Is 5 a factor of 374?
False
Is 4504 a multiple of 2?
True
Is 31208 a multiple of 67?
False
Is 30 a factor of 886?
False
Does 43 divide 688?
True
Is 42 a factor of 859?
False
Is 85 a factor of 46410?
True
Does 139 divide 1112?
True
Is 29 a factor of 22185?
True
Is 2326 a multiple of 54?
False
Does 10 divide 3080?
True
Is 63 a factor of 33012?
True
Is 9 a factor of 423?
True
Is 145 a factor of 4640?
True
Does 18 divide 7398?
True
Is 6 a factor of 318?
True
Does 10 divide 4233?
False
Is 84 a factor of 366?
False
Does 22 divide 1538?
False
Does 12 divide 7255?
False
Does 14 divide 1343?
False
Does 35 divide 315?
True
Does 14 divide 280?
True
Is 30 a factor of 3300?
True
Is 21 a factor of 1155?
True
Is 65 a factor of 18666?
False
Is 8346 a multiple of 54?
False
Does 6 divide 2938?
False
Does 45 divide 1438?
False
Is 2308 a multiple of 61?
False
Is 128 a factor of 24448?
True
Is 14 a factor of 5040?
True
Is 38 a factor of 20330?
True
Is 40689 a multiple of 99?
True
Is 11 a factor of 1154?
False
Does 51 divide 108850?
False
Does 2 divide 501?
False
Is 11816 a multiple of 211?
True
Is 2509 a multiple of 84?
False
Is 320 a multiple of 14?
False
Is 3 a factor of 4456?
False
Does 33 divide 28908?
True
Is 149 a factor of 7003?
True
Is 2 a factor of 338?
True
Is 3939 a multiple of 39?
True
Is 513 a multiple of 57?
True
Is 15 a factor of 56349?
False
Is 15 a factor of 5826?
False
Is 36 a multiple of 2?
True
Is 18 a factor of 1749?
False
Does 13 divide 1865?
False
Is 18 a factor of 7504?
False
Is 651 a multiple of 3?
True
Is 37 a factor of 1058?
False
Is 5 a factor of 170?
True
Is 26375 a multiple of 15?
False
Does 23 divide 7168?
False
Does 15 divide 34210?
False
Does 8 divide 252?
False
Does 21 divide 693?
True
Is 8745 a multiple of 23?
False
Is 7476 a multiple of 84?
True
Does 27 divide 5718?
False
Is 1086 a multiple of 16?
False
Is 15 a factor of 577?
False
Does 30 divide 660?
True
Is 859 a multiple of 31?
False
Is 3387 a multiple of 21?
False
Is 22 a factor of 1055?
False
Is 27 a factor of 52987?
False
Does 11 divide 1074?
False
Is 91 a factor of 12649?
True
Is 2 a factor of 4?
True
Does 44 divide 7568?
True
Does 86 divide 7094?
False
Is 158956 a multiple of 166?
False
Is 7 a factor of 8405?
False
Is 8 a factor of 6189?
False
Is 67366 a multiple of 26?
True
Is 46 a factor of 184?
True
Is 55 a factor of 2915?
True
Is 347 a multiple of 12?
False
Does 17 divide 50881?
True
Is 12 a multiple of 4?
True
Is 2 a factor of 23?
False
Does 67 divide 2613?
True
Is 2338 a multiple of 14?
True
Does 24 divide 12264?
True
Is 8 a factor of 2047?
False
Is 231 a factor of 79926?
True
Is 216 a multiple of 9?
True
Is 13 a factor of 858?
True
Is 5 a factor of 2235?
True
Does 14 divide 1568?
True
Is 4746 a multiple of 21?
True
Does 67 divide 1876?
True
Is 27 a factor of 1669?
False
Is 2254 a multiple of 14?
True
Does 40 divide 2080?
True
Is 1260 a multiple of 28?
True
Is 9 a factor of 1062?
True
Does 39 divide 624?
True
Is 12 a factor of 564?
True
Is 1736 a multiple of 31?
True
Is 2880 a multiple of 15?
True
Does 53 divide 14103?
False
Is 828 a multiple of 40?
False
Is 21074 a multiple of 58?
False
Does 3 divide 15757?
False
Does 8 divide 4482?
False
Does 7 divide 5285?
True
Is 689 a multiple of 13?
True
Does 13 divide 243?
False
Does 24 divide 31248?
True
Is 8274 a multiple of 15?
False
Is 42 a factor of 20281?
False
Does 8 divide 2269?
False
Is 912 a multiple of 16?
True
Is 59 even?
False
Is 2489 a multiple of 19?
True
Does 6 divide 684?
True
Is 32573 a multiple of 44?
False
Is 62888 a multiple of 8?
True
Does 7 divide 4928?
True
Is 8498 a multiple of 34?
False
Does 44 divide 8405?
False
Is 47664 a multiple of 20?
False
Is 20719 a multiple of 134?
False
Is 5 a factor of 42610?
True
Is 32 a factor of 1088?
True
Is 460 a factor of 142280?
False
Is 477 a multiple of 41?
False
Does 8 divide 2041?
False
Is 27 a factor of 14634?
True
Is 16903 a multiple of 385?
False
Does 4 divide 109?
False
Does 3 divide 23257?
False
Does 5 divide 1502?
False
Is 2556 a multiple of 12?
True
Does 120 divide 6840?
True
Is 3 a factor of 226?
False
Does 16 divide 16240?
True
Is 637 a multiple of 13?
True
Does 13 divide 1482?
True
Does 19 divide 3078?
True
Does 10 divide 830?
True
Is 34 a factor of 6392?
True
Is 13 a factor of 1148?
False
Is 4 a factor of 16?
True
Does 60 divide 11880?
True
Is 7 a factor of 11557?
True
Is 12 a factor of 148?
False
Is 8 a factor of 29898?
False
Is 11 a factor of 2332?
True
Is 1725 a multiple of 15?
True
Is 18 a factor of 304?
False
Is 2644 a multiple of 35?
False
Does 3 divide 4389?
True
Is 75 a factor of 5550?
True
Does 7 divide 45003?
True
Does 8 divide 488?
True
Does 31 divide 7262?
False
Is 58 a factor of 418?
False
Is 2592 a multiple of 9?
True
Does 5 divide 149?
False
Is 41211 a multiple of 202?
Fals